3 is divided by n.
7
Suppose 4*m + 3*p + 102 = 0, 3*m + 2*m + 114 = 3*p. Let r = -16 - m. Suppose 16*x - 4*x = 60. Calculate the remainder when r is divided by x.
3
Suppose -2*u = -6*u. Let m(t) = 31 + 3*t - 2*t + t**2 + t**3 + u*t**2. What is the remainder when m(0) is divided by 11?
9
Let r(s) = 2*s**2 + 13*s + 6. Calculate the remainder when (-10)/8*(-3 - 37) is divided by r(-7).
11
Let g(d) = 5*d - 3. Let k(u) = -11*u + 5. Let s(m) = -9*g(m) - 4*k(m). Calculate the remainder when 14 is divided by s(3).
2
Suppose -4*r + 2*j + 70 = 0, 0*r - 2*j = -2*r + 36. What is the remainder when r is divided by 9?
8
Let q = 8 - -7. Suppose 2*z + 4*f - 44 = 0, -2*z - 4*f - 40 = -3*z. Calculate the remainder when z is divided by q.
13
Let c = 18 + 16. Let g = -8 + 11. Suppose g*l = l + 24. Calculate the remainder when c is divided by l.
10
Let l(r) = r + 9. What is the remainder when l(9) is divided by 10?
8
Suppose -v + n = -44 + 3, -3*v + 5*n = -119. What is the remainder when 128 is divided by v?
42
Suppose -2*t = 3*t - 20, -t - 20 = -4*f. What is the remainder when 28 is divided by f?
4
Suppose 5*s + 98 = -3*k, 101 = -3*k + 2*s - 32. Let z = 68 + k. What is the remainder when z is divided by 10?
7
Let f = -5 + 8. Suppose 0*k - 2*k + 4 = 0. What is the remainder when f is divided by k?
1
Let v(w) = -w**2 + 11*w - 12. Let a be v(11). Calculate the remainder when (-2)/4 + (-138)/a is divided by 4.
3
Suppose -4*h - 4*q + 40 = 0, 4*q - 6*q - 22 = -5*h. What is the remainder when 26 is divided by h?
2
Let v = -1 - -10. Let r(i) = i - 1. Let k be r(5). Suppose t - 85 = -k*t. What is the remainder when t is divided by v?
8
Suppose 0 = -0*o - 5*o + 20. Suppose 5*m + 3 - 28 = 0. Suppose m*c = 2 + 8. Calculate the remainder when o is divided by c.
0
Let c(g) = g**3 - 5*g**2 + 7. Let b be c(5). Suppose b*u - 2*u - 20 = 4*y, -4 = -u + 2*y. Calculate the remainder when 47/7 + 10/35 is divided by u.
3
Suppose 4*c + 3 = 43. What is the remainder when 35 is divided by c?
5
Let a(m) = -m**3 - 7*m**2 - 13*m. Let u be a(-6). What is the remainder when 0 + u/(-1 - -3) is divided by 8?
5
Calculate the remainder when 43 is divided by (-6)/(-21) - (-304)/14.
21
Let m(v) = -4*v**2 - 3*v - 8. Let j be m(-4). What is the remainder when 30 is divided by 3 + j/(-4) - 2?
14
Let y(t) = -t + 2. Let v be y(-2). Let s = -2 + 36. Suppose -2*q = v*c - c - s, 4*c - 50 = 2*q. What is the remainder when c is divided by 7?
5
Let m(h) = 3*h**2 + 5*h + 4. What is the remainder when 17 is divided by m(-2)?
5
Suppose -c - 5 = 0, 5*p + c = -85 + 15. Let u(t) = -2*t - 19. Calculate the remainder when 26 is divided by u(p).
5
Suppose -2*w = -6*w + 40. What is the remainder when (-1)/(-5) + 98/w is divided by 4?
2
What is the remainder when 15 is divided by 4 + 2*(1 - 0)?
3
Suppose -75*x + 72*x = -258. What is the remainder when x is divided by 44?
42
What is the remainder when 24 is divided by 60/(-8)*12/(-10)?
6
Suppose 4*z = -4*k - 744, -z + 2*k - 732 = 3*z. Let b(l) = l**2 - l. What is the remainder when (-2)/(-3) + z/(-12) is divided by b(3)?
4
Let x(u) = -11*u + 7. Calculate the remainder when x(-3) is divided by 14.
12
Let p(c) = -c**3 - 7*c**2 + 8*c - 2. Let l be p(-9). Suppose -353 = -5*f - l. What is the remainder when f is divided by 28?
25
Let p be -1*(-5 + (1 - -2)). Suppose 15 = -p*m + 51. Calculate the remainder when m is divided by 10.
8
Let y be 1/2*(6 - 0). Let g(n) = 3*n + 3. Calculate the remainder when g(y) is divided by 8.
4
Let l = -25 - -32. Calculate the remainder when l is divided by 14/4 + 3/(-6).
1
What is the remainder when (-240)/(-9) + (-6)/9 is divided by 14?
12
Suppose -3*b = -i - 76, 5*b + i - 5*i - 115 = 0. Let c = b - 14. What is the remainder when 54 - (-3 - -6*1) is divided by c?
12
Suppose -2*z - 4*c = -26, 2 = 2*z + 5*c - 29. Let l(w) = 33*w**2 - 2*w + 1. Let p be l(1). Suppose -2*r = 2*r - p. What is the remainder when r is divided by z?
2
Let j = 12 + -2. Suppose j*h = -4*m + 5*h + 55, -5*m - 2*h + 90 = 0. Calculate the remainder when m is divided by (-4)/18 + 303/27.
9
Calculate the remainder when 41 is divided by ((-22)/44)/((-2)/44).
8
Let b = 16 - 7. Calculate the remainder when 5/(1/b*1) is divided by 16.
13
Suppose 3*g - 191 = -5*u, -u = 2*g - 69 - 70. What is the remainder when g is divided by 25?
22
Suppose -3*q = -q + b - 52, 0 = 3*q - 2*b - 92. Let j(r) = -2*r - 5. What is the remainder when q is divided by j(-5)?
3
Let c = 15 - -1. Suppose 0 = 3*k + 2*k + 115. Let m = -14 - k. Calculate the remainder when c is divided by m.
7
Calculate the remainder when ((-18)/(-4))/3*(-3036)/(-99) is divided by 16.
14
Suppose 6*o - 46 = -10. What is the remainder when 8 is divided by o?
2
Let s = 29 - 27. Calculate the remainder when 4 is divided by s.
0
Calculate the remainder when 75 is divided by (-28)/(-2) - -4 - -2.
15
Suppose -2*t + 1 + 9 = 0. Calculate the remainder when t is divided by 2.
1
Suppose 5*i - 9 = 2*i. What is the remainder when 9 is divided by i?
0
Let c be 1 - 0/(-1 - -3). Calculate the remainder when (-1 - 0)*c + 18 is divided by 130/14 + 0 - (-14)/(-49).
8
Let t(p) = -p**3 + 3*p**2 + p + 2. Let u be t(3). Suppose 2*b = -6, -g = -u*g - b + 81. What is the remainder when g is divided by 12?
9
Suppose 8*o - 48 - 40 = 0. Suppose -3*d - d + 172 = 0. What is the remainder when d is divided by o?
10
Let r(j) = j**3 - 10*j**2 + 9*j + 6. Let o be r(9). What is the remainder when 10 is divided by 4 + (-2)/o*0?
2
Let z(h) = h**2 + 6*h + 7. Let y be z(-6). Suppose 3*d = y*d - 16. Suppose -5*o = d*t - 5, 5*t + 46 = 3*o + 6. What is the remainder when 13 is divided by o?
3
Let u(q) = q - 3. Suppose -2*c + 9 = -1. Let a be u(c). Suppose 0 = 2*y + 4, 4*y - 11 = -5*i + a*y. What is the remainder when 7 is divided by i?
1
Calculate the remainder when 87 is divided by (-1 - (0 - 0)) + 31.
27
Let m(v) = 3*v**2 + 3*v + 2. Let c(l) = -l**3 + 13*l**2 + 17*l + 36. What is the remainder when c(14) is divided by m(-3)?
18
Let q = 46 - 18. Suppose -4*t = -5*y + 35, 5*t - q = -5*y + y. Calculate the remainder when 27 is divided by y.
6
Suppose 5*v - 215 = 4*k, 11*v + 5*k = 6*v + 170. Calculate the remainder when v is divided by 20.
19
Let n(h) = -h**2 - 10*h - 5. Suppose -5*g = 1 + 14, -5*g - 80 = -5*s. Let a = s + -7. What is the remainder when n(-8) is divided by a?
5
Let m(p) = -6*p**3 - 2*p**2 - p. Let a = 3 - 1. Calculate the remainder when m(-1) is divided by a.
1
Let d be ((-20)/(-2))/(1/3). What is the remainder when 17 is divided by d/4 + (-6)/4?
5
Suppose -111 = 3*l + 78. Let z(m) = -3*m**2 + 4*m - 5. Let s be z(6). Let t = l - s. What is the remainder when t is divided by 14?
12
Let u(b) = b**3 - 4*b**2 - 3*b + 5. Let g be u(4). Let z = g + 22. Let r(f) = 7*f**3 - 3*f**2 - f + 2. Calculate the remainder when r(2) is divided by z.
14
Suppose 3*w - 25 = -0*o - o, -4*o = w + 10. Suppose 0 = s - 4*y + 6, -3*y + 12 = 3*s. Calculate the remainder when (-1 + 0)*s + 31 is divided by w.
9
Let p = 4 - 1. Suppose p*l = 9 + 24. Let i(h) = -h**2 - h + 6. What is the remainder when l is divided by i(0)?
5
Suppose -2*g = 2*g - 104. Let m = 7 + 7. Calculate the remainder when g is divided by m.
12
Suppose -3*t = -3*r - 4*t + 40, 4*t = -4*r + 64. Calculate the remainder when 23 is divided by r.
11
Suppose -12 = -4*q - 8. What is the remainder when 13 is divided by 3 - 1/(0 - q)?
1
Suppose -5*v + 129 - 38 = 3*u, -74 = -4*v - 3*u. What is the remainder when 47 + (3 - (-12)/(-4)) is divided by v?
13
Suppose 0 = t + 5*g + 10, 0 = t + 2*g + 4 - 3. Suppose 3 = t*l - 12. What is the remainder when l is divided by 1?
0
Calculate the remainder when 3*59 - 68/17 is divided by 35.
33
What is the remainder when 13 is divided by (-16)/24 - 52/(-6)?
5
Let b(g) = -g**3 - 12*g**2 - 14*g - 3. Suppose 2*j - 15 = -j, -39 = -4*i + j. What is the remainder when b(-11) is divided by i?
8
Suppose -3*p = -0*p - 9. Suppose p*f + 3 - 69 = 0. Suppose 3*j = f + 8. What is the remainder when j is divided by 4?
2
Suppose 3*m + 3 = -3*y + 24, y - 4 = 2*m. Calculate the remainder when 17 is divided by y.
5
Let y(j) = -34*j**3 - j**2 - j. Let u(g) = -g**3 + 5*g**2 + 7*g + 3. Let r = -1 - -7. Calculate the remainder when y(-1) is divided by u(r).
7
Let m = 212 + -108. Let o = -71 + m. Calculate the r